{"id":56480,"date":"2026-04-17T11:16:33","date_gmt":"2026-04-17T14:16:33","guid":{"rendered":"https:\/\/farmafam.com.br\/?product=repelente-off-locao-family-active-100ml"},"modified":"2026-04-17T11:16:38","modified_gmt":"2026-04-17T14:16:38","slug":"repelente-off-locao-family-active-100ml","status":"publish","type":"product","link":"https:\/\/farmafam.com.br\/?product=repelente-off-locao-family-active-100ml","title":{"rendered":"REPELENTE OFF LO\u00c7\u00c3O  FAMILY ACTIVE 100ML"},"content":{"rendered":"<p>REPELENTE OFF LO\u00c7\u00c3O  FAMILY ACTIVE 100ML<br \/>\n7894650013373<\/p>\n","protected":false},"excerpt":{"rendered":"<p>REPELENTE OFF LO\u00c7\u00c3O  FAMILY ACTIVE 100ML, 7894650013373<\/p>\n","protected":false},"featured_media":0,"comment_status":"closed","ping_status":"open","template":"","meta":[],"_links":{"self":[{"href":"https:\/\/farmafam.com.br\/index.php?rest_route=\/wp\/v2\/product\/56480"}],"collection":[{"href":"https:\/\/farmafam.com.br\/index.php?rest_route=\/wp\/v2\/product"}],"about":[{"href":"https:\/\/farmafam.com.br\/index.php?rest_route=\/wp\/v2\/types\/product"}],"replies":[{"embeddable":true,"href":"https:\/\/farmafam.com.br\/index.php?rest_route=%2Fwp%2Fv2%2Fcomments&post=56480"}],"wp:attachment":[{"href":"https:\/\/farmafam.com.br\/index.php?rest_route=%2Fwp%2Fv2%2Fmedia&parent=56480"}],"curies":[{"name":"wp","href":"https:\/\/api.w.org\/{rel}","templated":true}]}}