{"id":56644,"date":"2026-04-17T11:22:31","date_gmt":"2026-04-17T14:22:31","guid":{"rendered":"https:\/\/farmafam.com.br\/?product=shampoo-tresemme-650ml-hidratacao-profunda"},"modified":"2026-04-17T11:22:32","modified_gmt":"2026-04-17T14:22:32","slug":"shampoo-tresemme-650ml-hidratacao-profunda","status":"publish","type":"product","link":"https:\/\/farmafam.com.br\/?product=shampoo-tresemme-650ml-hidratacao-profunda","title":{"rendered":"SHAMPOO TRESEMME 650ML HIDRATA\u00c7\u00c3O PROFUNDA"},"content":{"rendered":"<p>SHAMPOO TRESEMME 650ML HIDRATA\u00c7\u00c3O PROFUNDA<br \/>\n7891150091184<\/p>\n","protected":false},"excerpt":{"rendered":"<p>SHAMPOO TRESEMME 650ML HIDRATA\u00c7\u00c3O PROFUNDA, 7891150091184<\/p>\n","protected":false},"featured_media":0,"comment_status":"closed","ping_status":"open","template":"","meta":[],"_links":{"self":[{"href":"https:\/\/farmafam.com.br\/index.php?rest_route=\/wp\/v2\/product\/56644"}],"collection":[{"href":"https:\/\/farmafam.com.br\/index.php?rest_route=\/wp\/v2\/product"}],"about":[{"href":"https:\/\/farmafam.com.br\/index.php?rest_route=\/wp\/v2\/types\/product"}],"replies":[{"embeddable":true,"href":"https:\/\/farmafam.com.br\/index.php?rest_route=%2Fwp%2Fv2%2Fcomments&post=56644"}],"wp:attachment":[{"href":"https:\/\/farmafam.com.br\/index.php?rest_route=%2Fwp%2Fv2%2Fmedia&parent=56644"}],"curies":[{"name":"wp","href":"https:\/\/api.w.org\/{rel}","templated":true}]}}