{"id":59139,"date":"2026-04-17T11:24:45","date_gmt":"2026-04-17T14:24:45","guid":{"rendered":"https:\/\/farmafam.com.br\/?product=talco-tenys-pe-baruel-100g-menta-fresh-protecao-diaria"},"modified":"2026-04-17T11:24:53","modified_gmt":"2026-04-17T14:24:53","slug":"talco-tenys-pe-baruel-100g-menta-fresh-protecao-diaria","status":"publish","type":"product","link":"https:\/\/farmafam.com.br\/?product=talco-tenys-pe-baruel-100g-menta-fresh-protecao-diaria","title":{"rendered":"TALCO TENYS PE BARUEL 100G MENTA FRESH PROTE\u00c7\u00c3O DIARIA"},"content":{"rendered":"<p>TALCO TENYS PE BARUEL 100G MENTA FRESH PROTE\u00c7\u00c3O DIARIA<br \/>\n7896020160076<\/p>\n","protected":false},"excerpt":{"rendered":"<p>TALCO TENYS PE BARUEL 100G MENTA FRESH PROTE\u00c7\u00c3O DIARIA, 7896020160076<\/p>\n","protected":false},"featured_media":0,"comment_status":"closed","ping_status":"open","template":"","meta":[],"_links":{"self":[{"href":"https:\/\/farmafam.com.br\/index.php?rest_route=\/wp\/v2\/product\/59139"}],"collection":[{"href":"https:\/\/farmafam.com.br\/index.php?rest_route=\/wp\/v2\/product"}],"about":[{"href":"https:\/\/farmafam.com.br\/index.php?rest_route=\/wp\/v2\/types\/product"}],"replies":[{"embeddable":true,"href":"https:\/\/farmafam.com.br\/index.php?rest_route=%2Fwp%2Fv2%2Fcomments&post=59139"}],"wp:attachment":[{"href":"https:\/\/farmafam.com.br\/index.php?rest_route=%2Fwp%2Fv2%2Fmedia&parent=59139"}],"curies":[{"name":"wp","href":"https:\/\/api.w.org\/{rel}","templated":true}]}}