{"id":59627,"date":"2026-04-24T10:56:39","date_gmt":"2026-04-24T13:56:39","guid":{"rendered":"https:\/\/farmafam.com.br\/?product=creme-barbear-bozzano-65g-hidratacao"},"modified":"2026-04-24T10:56:51","modified_gmt":"2026-04-24T13:56:51","slug":"creme-barbear-bozzano-65g-hidratacao","status":"publish","type":"product","link":"https:\/\/farmafam.com.br\/?product=creme-barbear-bozzano-65g-hidratacao","title":{"rendered":"CREME BARBEAR BOZZANO 65G HIDRATA\u00c7\u00c3O"},"content":{"rendered":"<p>CREME BARBEAR BOZZANO 65G HIDRATA\u00c7\u00c3O<br \/>\n7891350011043<\/p>\n","protected":false},"excerpt":{"rendered":"<p>CREME BARBEAR BOZZANO 65G HIDRATA\u00c7\u00c3O, 7891350011043<\/p>\n","protected":false},"featured_media":0,"comment_status":"closed","ping_status":"open","template":"","meta":[],"_links":{"self":[{"href":"https:\/\/farmafam.com.br\/index.php?rest_route=\/wp\/v2\/product\/59627"}],"collection":[{"href":"https:\/\/farmafam.com.br\/index.php?rest_route=\/wp\/v2\/product"}],"about":[{"href":"https:\/\/farmafam.com.br\/index.php?rest_route=\/wp\/v2\/types\/product"}],"replies":[{"embeddable":true,"href":"https:\/\/farmafam.com.br\/index.php?rest_route=%2Fwp%2Fv2%2Fcomments&post=59627"}],"wp:attachment":[{"href":"https:\/\/farmafam.com.br\/index.php?rest_route=%2Fwp%2Fv2%2Fmedia&parent=59627"}],"curies":[{"name":"wp","href":"https:\/\/api.w.org\/{rel}","templated":true}]}}