{"id":61662,"date":"2026-04-17T11:28:17","date_gmt":"2026-04-17T14:28:17","guid":{"rendered":"https:\/\/farmafam.com.br\/?product=ureadin-10-locao-200ml"},"modified":"2026-04-17T11:28:18","modified_gmt":"2026-04-17T14:28:18","slug":"ureadin-10-locao-200ml","status":"publish","type":"product","link":"https:\/\/farmafam.com.br\/?product=ureadin-10-locao-200ml","title":{"rendered":"UREADIN 10 LO\u00c7\u00c3O 200ML"},"content":{"rendered":"<p>UREADIN 10 LO\u00c7\u00c3O 200ML<br \/>\n8429420143050<\/p>\n","protected":false},"excerpt":{"rendered":"<p>UREADIN 10 LO\u00c7\u00c3O 200ML, 8429420143050<\/p>\n","protected":false},"featured_media":0,"comment_status":"closed","ping_status":"open","template":"","meta":[],"_links":{"self":[{"href":"https:\/\/farmafam.com.br\/index.php?rest_route=\/wp\/v2\/product\/61662"}],"collection":[{"href":"https:\/\/farmafam.com.br\/index.php?rest_route=\/wp\/v2\/product"}],"about":[{"href":"https:\/\/farmafam.com.br\/index.php?rest_route=\/wp\/v2\/types\/product"}],"replies":[{"embeddable":true,"href":"https:\/\/farmafam.com.br\/index.php?rest_route=%2Fwp%2Fv2%2Fcomments&post=61662"}],"wp:attachment":[{"href":"https:\/\/farmafam.com.br\/index.php?rest_route=%2Fwp%2Fv2%2Fmedia&parent=61662"}],"curies":[{"name":"wp","href":"https:\/\/api.w.org\/{rel}","templated":true}]}}