{"id":62321,"date":"2026-04-17T10:33:56","date_gmt":"2026-04-17T13:33:56","guid":{"rendered":"https:\/\/farmafam.com.br\/?product=cewin-500mg-30-comprimidos-liberacao-prolongada"},"modified":"2026-04-17T10:33:57","modified_gmt":"2026-04-17T13:33:57","slug":"cewin-500mg-30-comprimidos-liberacao-prolongada","status":"publish","type":"product","link":"https:\/\/farmafam.com.br\/?product=cewin-500mg-30-comprimidos-liberacao-prolongada","title":{"rendered":"CEWIN 500MG 30 COMPRIMIDOS LIBERA\u00c7\u00c3O PROLONGADA"},"content":{"rendered":"<p>CEWIN 500MG 30 COMPRIMIDOS LIBERA\u00c7\u00c3O PROLONGADA<br \/>\n7891058000295<\/p>\n","protected":false},"excerpt":{"rendered":"<p>CEWIN 500MG 30 COMPRIMIDOS LIBERA\u00c7\u00c3O PROLONGADA, 7891058000295<\/p>\n","protected":false},"featured_media":0,"comment_status":"closed","ping_status":"open","template":"","meta":[],"_links":{"self":[{"href":"https:\/\/farmafam.com.br\/index.php?rest_route=\/wp\/v2\/product\/62321"}],"collection":[{"href":"https:\/\/farmafam.com.br\/index.php?rest_route=\/wp\/v2\/product"}],"about":[{"href":"https:\/\/farmafam.com.br\/index.php?rest_route=\/wp\/v2\/types\/product"}],"replies":[{"embeddable":true,"href":"https:\/\/farmafam.com.br\/index.php?rest_route=%2Fwp%2Fv2%2Fcomments&post=62321"}],"wp:attachment":[{"href":"https:\/\/farmafam.com.br\/index.php?rest_route=%2Fwp%2Fv2%2Fmedia&parent=62321"}],"curies":[{"name":"wp","href":"https:\/\/api.w.org\/{rel}","templated":true}]}}