{"id":64866,"date":"2026-04-24T12:05:57","date_gmt":"2026-04-24T15:05:57","guid":{"rendered":"https:\/\/farmafam.com.br\/?product=canabidiol-20mg-ml-solucao-30ml-2-seringas-prati-donaduzzi"},"modified":"2026-04-24T12:06:02","modified_gmt":"2026-04-24T15:06:02","slug":"canabidiol-20mg-ml-solucao-30ml-2-seringas-prati-donaduzzi","status":"publish","type":"product","link":"https:\/\/farmafam.com.br\/?product=canabidiol-20mg-ml-solucao-30ml-2-seringas-prati-donaduzzi","title":{"rendered":"CANABIDIOL 20MG ML SOLU\u00c7\u00c3O 30ML + 2 SERINGAS PRATI DONADUZZI"},"content":{"rendered":"<p>CANABIDIOL 20MG ML SOLU\u00c7\u00c3O 30ML + 2 SERINGAS PRATI DONADUZZI<br \/>\n7899547536171<\/p>\n","protected":false},"excerpt":{"rendered":"<p>CANABIDIOL 20MG ML SOLU\u00c7\u00c3O 30ML + 2 SERINGAS PRATI DONADUZZI, 7899547536171<\/p>\n","protected":false},"featured_media":0,"comment_status":"closed","ping_status":"open","template":"","meta":[],"_links":{"self":[{"href":"https:\/\/farmafam.com.br\/index.php?rest_route=\/wp\/v2\/product\/64866"}],"collection":[{"href":"https:\/\/farmafam.com.br\/index.php?rest_route=\/wp\/v2\/product"}],"about":[{"href":"https:\/\/farmafam.com.br\/index.php?rest_route=\/wp\/v2\/types\/product"}],"replies":[{"embeddable":true,"href":"https:\/\/farmafam.com.br\/index.php?rest_route=%2Fwp%2Fv2%2Fcomments&post=64866"}],"wp:attachment":[{"href":"https:\/\/farmafam.com.br\/index.php?rest_route=%2Fwp%2Fv2%2Fmedia&parent=64866"}],"curies":[{"name":"wp","href":"https:\/\/api.w.org\/{rel}","templated":true}]}}